{"id":230,"date":"2011-02-28T14:08:03","date_gmt":"2011-02-28T14:08:03","guid":{"rendered":"http:\/\/neu.volkersurmann.de\/?page_id=230"},"modified":"2025-03-15T17:10:41","modified_gmt":"2025-03-15T17:10:41","slug":"weitere-veroffentlichungen","status":"publish","type":"page","link":"https:\/\/neu.volkersurmann.de\/?page_id=230","title":{"rendered":"Weitere Ver\u00f6ffentlichungen"},"content":{"rendered":"<p><strong>Ver\u00f6ffentlichungen in Anthologien:<\/strong><\/p>\n<p><em>&#8222;Meine betuchte Jugend&#8220;<\/em> und <em>&#8222;Ein Regenbogen f\u00fcr Pal\u00e4stina!<\/em>&#8220; in: Lea Streisand, Michael Bittner, Heiko Werning (Hrsg.): <em>&#8222;Sind Antisemitisten anwesend? Satiren, Geschichten und Cartoons gegen Judenhass&#8220;<\/em> (Satyr: 2024)<\/p>\n<p><em>&#8222;Pop-up-Text&#8220;<\/em> in: Maik Martschinkowsky, Josefine Berkholz, Dominik Erhard (Hrsg.): <em>&#8222;&#8230; wenn die Sprache feiert. Philosophische B\u00fchnentexte&#8220;<\/em> (Satyr: 2022)<\/p>\n<p><em>&#8222;Marmeladenbrot statt Heulkr\u00e4mpfe&#8220;<\/em> in: Michael Ringel, Christian Bartel (Hrsg.): <em>&#8222;Als wir alle wahnsinng wurden. 66 Wahrheiten einer verr\u00fcckten Dekade&#8220;<\/em> (Satyr: 2021)<\/p>\n<p><em>&#8222;Abschottung&#8220; <\/em>in: Aron Boks, Wolf Hogekamp, Noah Klaus (Hrsg.):<em> &#8222;Komma zum Punkt. Slamtexte aus der Hauptstadt&#8220; <\/em>(Satyr: 2019)<\/p>\n<p>&#8222;Monolog an einen Alleinstehenden&#8220; in: Karsten Strack (Hrsg.): <em>&#8222;Schreiben statt Jammern&#8220;<\/em> (Lektora: 2016)<\/p>\n<p><em>&#8222;Der faule Vogel Tui&#8220;<\/em> in: Michael-Andr\u00e9 Werner: <em>&#8222;Frische M\u00e4rchen extra fein<\/em>&#8220; (Satyr: 2015)<\/p>\n<p>Zahlreiche Textbeitr\u00e4ge in: Christian Ritter (Hrsg.): <em>&#8222;Komische Dialoge&#8220; <\/em>(Unsichtbar Verlag: 2015)<\/p>\n<p><em>&#8222;Ich sehe, wie das ist&#8220;<\/em> in: EXOT, <em>Zeitschrift f\u00fcr komische Literatur<\/em> #18 (12\/2014)<\/p>\n<p><em>&#8222;Punkt&#8220;<\/em> in Bas B\u00f6ttcher, Wolf Hogekamp (Hrsg.): <em>Die Poetry Slam Fibel<\/em> (Berlin: Satyr Verlag: 2014)<\/p>\n<p><em>&#8222;Bei \u00c4rzten&#8220;<\/em> in Daniela B\u00f6hle, Paul Bokowski (Hrsg.): <em>&#8222;Die letzten werden die \u00c4rzte sein. 35 Geschichten, krank geschrieben.&#8220;<\/em> (Berlin: Satyr Verlag, 2014)<\/p>\n<p><em>&#8222;Ich habe ein Kind im Ohr&#8220;<\/em> und einige Kurztexte in Bj\u00f6rn H\u00f6gsdal, Johanna Wack (Hrsg.): <em>&#8222;Last Exit Babyklappe. Ein Lesespa\u00df f\u00fcr die halbe Familie&#8220;<\/em> (Berlin, Satyr Verlag: 2013)<\/p>\n<p><em>&#8222;Unerwartetes Bekenntnis eines langweiligen Mannes&#8220;<\/em> in Mirco Drewes\/Jochen Reinecke: <em>&#8222;Waschb\u00e4r erster Klasse. Wundersames aus vollen Z\u00fcgen&#8220;<\/em> (Berlin, Satyr-Verlag 2011).<\/p>\n<p><em>\u201c17 Hektar Kindheit\u201d<\/em> in Karsten Krampitz\/Heiko Werning (Hrsg.): <em>\u201cHeimat, Heimweh, Heimsuchung\u201d<\/em> (Berlin, Karin Kramer Verlag: 2010)<\/p>\n<p><em>\u201cDer H\u00f6llenhund von Ascheloh\u201d<\/em> in Christian Bartel\/Anselm Neft (Hrsg.): <em>\u201cG\u00f6tter, Gurus und Gest\u00f6rte\u201d<\/em> (Berlin, Satyr-Verlag: 2009)<\/p>\n<p><em>\u201cIch bin Comedy-Autor\u201d<\/em> in Georg Schnitzler: <em>\u201cFett und kursiv. Jubil\u00e4umsband zum 5-j\u00e4hrigen Bestehen.\u201d<\/em> (K\u00f6ln: Entenfu\u00dfverlag: 2009)<\/p>\n<p><em>\u201cEinf\u00fchrung in den Instant-Sex\u201d<\/em> und <em>\u201cMein schlechtester Sex, Platz 3: Mario\u201d<\/em> in Egbert H\u00f6rmann (Hg.): \u201cF*CK. Wenn Sex daneben geht\u201d (Berlin: Quer-Verlag: 2009)<\/p>\n<p><em>\u201cMein schlechtester Sex: Platz 1: Bj\u00f6rn\u201d<\/em> in <em>\u201cMein schwules Auge 5\u201d<\/em> (Berlin: Konkursbuchverlag: 2007)<\/p>\n<p><em>\u201cM\u00e4nnergesellschaft. Oder der Versuch, online zu kommen\u201d<\/em> in <em>\u201cMein schwules Auge 4\u201d<\/em> (Berlin: Konkursbuchverlag: 2007)<\/p>\n<p>Beitr\u00e4ge in Mark-Stefan Tietze (Hrsg.): <em>\u201cVom Fachmann f\u00fcr Kenner<\/em>\u201d (TITANIC-Buch). Reinbek, Rowohlt-Verlag: 2005.<\/p>\n<p><em>\u201cEine Nacht im Holiday Inn Express, Cottbus\u201d<\/em> in: Studentenwerk Cottbus (Hrsg.): <em>\u201c10 einfallsreiche Jahre. Kabaretttreffen der Studiosi 1996-2005. Geschichte und Geschichten.\u201d<\/em> Cottbus: 2005.<\/p>\n<hr>\n<p><strong>Ver\u00f6ffentlichungen in Printmagazinen (Auswahl)<\/strong><\/p>\n<p>Satiremagazin TITANIC (Rubriken <em>&#8222;Vom Fachmann f\u00fcr Kenner&#8220;<\/em>, <em>&#8222;Briefe an die Leser&#8220;<\/em> und <em>&#8222;Humorkritik&#8220;<\/em>).<\/p>\n<p>SIEGESS\u00c4ULE, Berlin (vorwiegend Kolumnen)<\/p>\n<p><a href=\"https:\/\/taz.de\/Volker-Surmann\/!a45638\/\" target=\"_blank\" rel=\"noopener\">taz (Beitr\u00e4ge f\u00fcr &#8222;Die Wahrheit&#8220;)<\/a><\/p>\n<p>Neues Deutschland (Kolumne &#8222;Montag Morgen&#8220;)<\/p>\n<hr>\n<p><strong>Einzelver\u00f6ffentlichungen in anderen Zeitungen und Zeitschriften<\/strong><\/p>\n<p>&#8222;Lustig-bl\u00f6der Hitlerkrampf: Timur Vermes&#8216; Satire &#8218;Er ist wieder da'&#8220;. In: <a href=\"http:\/\/www.taz.de\/Timur-Vermes-Satire-Er-ist-wieder-da\/!113470\/\">Taz, 27.3.2013<\/a><\/p>\n<p><em>\u201cSpa\u00dfgesellschaftskunde. Deutsche Humorlandschaften nach 1990\u201d<\/em>. Beitrag f\u00fcr\u2019s Zeitgeschichtliche Forum Leipzig\/Haus der Geschichte der Bundesrepublik Deutschland (2010).<\/p>\n<p><em>\u201cKriegsgeschrei und Verteidigungspolitik: Kabarett 2009\u201d<\/em>. Beitrag im Programmheft der \u201cStachelschweine\u201d (Oktober 2009).<\/p>\n<p><em>\u201cBerlin ist eine W\u00fcste\u201d<\/em> (Reportage \u00fcber Berlin\/Nevada) in Berliner Illustrierte Zeitung\/Morgenpost, 3.8.08. Online.<\/p>\n<p><em>\u201cHarry Rowohlt und der Auftritt des Volkers\u201d<\/em> in SALBADER Nr. 38 (www.salbader.com)<\/p>\n<p><em>\u201cMein Christopher Street Day\u201d<\/em> in Das Magazin (Juni 2007)<\/p>\n<p><em>\u201cBambusg\u00e4rten f\u00fcr Friedrichshain\u201d<\/em> in Jungle World (Dossier), 18.1.07<\/p>\n<p><em>\u201cDie Eichh\u00f6rnchen von Sch\u00f6nbrunn\u201d<\/em> in Weihnachts-TAZ 2006<\/p>\n<p><em>\u201cSerbokroatisch f\u00fcr Lernbereite\u201d<\/em> in SALBADER Nr. 37 (www.salbader.com)<\/p>\n<p><em>\u201cDieser Text wurde polizeilich angeordnet\u201d<\/em> in SALBADER Nr. 36 (www.salbader.com)<\/p>\n<p><em>\u201cM\u00e4nnergesellschaft\u201d<\/em>. Als <em>\u201cBoy-Story\u201d<\/em> getarnte Satire in DU&amp;ICH 06\/04<\/p>\n<p><em>\u201cBahnsatire\u201d<\/em> und <em>\u201cVorbild\u201d<\/em> (Kurztexte) in SALBADER Nr. 34 (www.salbader.com)<\/p>\n<hr>\n<p><strong>Wissenschaftliche Publikationen<\/strong><\/p>\n<p>(2004)<em> \u201cAnfallsbilder. Metaphorische Konzepte im Sprechen anfallskranker Menschen\u201d<\/em>. Diss. Uni Bielefeld. W\u00fcrzburg, K\u00f6nigshausen &amp; Neumann.<\/p>\n<p>(2003) zusammen mit Elisabeth G\u00fclich und Martin Sch\u00f6ndienst: <em>\u201cSchmerzen erz\u00e4hlen Geschichten &#8211; Geschichten erz\u00e4hlen Schmerzen.\u201d<\/em> In: Psychotherapie und Sozialwissenschaft 3\/03.<\/p>\n<p>(2003) <em>\u201cDer erz\u00e4hlte Schmerz\u201d<\/em>. Themenheft der Zeitschrift Psychotherapie &amp; Sozialwissenschaft (3\/03), herausgegeben von Elisabeth G\u00fclich, Martin Sch\u00f6ndienst und Volker Surmann (mit einem Editorial der Herausgeber).<\/p>\n<p>(2002) <em>\u201cWie Anf\u00e4lle zur Sprache kommen\u201d<\/em>. Themenheft der Zeitschrift Psychotherapie &amp; Sozialwissenschaft (4\/02), herausgegeben von Elisabeth G\u00fclich, Martin Sch\u00f6ndienst und Volker Surmann (mit einem Editorial der Herausgeber).<\/p>\n<p>(2002) <em>&#8222;\u2019Wenn der Anfall kommt.\u2019 Metaphorische Konzepte im Sprechen anfallskranker Menschen\u201c<\/em> . In: Gisela Br\u00fcnner\/Elisabeth G\u00fclich (Hrsg.). Krankheit verstehen. Bielefeld, Aisthesis.<\/p>\n<p>(2000) zusammen mit Clemens Kammler: <em>&#8222;Sind Deutschlehrer experimentierfreudig? Ergebnisse einer Befragung zur Lekt\u00fcre von Ganzschriften der Gegenwartsliteratur in der Sekundarstufe 2&#8220;<\/em>. In: Der Deutschunterricht 6\/00<\/p>\n<p>(1999) Neue Tendenzen im deutschen Kabarett der 90er Jahre. Schriftliche Hausarbeit im Staatsexamen, Uni Bielefeld.<br \/>\n&gt; <a href=\"http:\/\/neu.volkersurmann.de\/wp-content\/uploads\/2011\/03\/surmann_examensarbeit.pdf\" target=\"extern\" rel=\"noopener noreferrer\">Download (.pdf ca. 764 kb)<\/a><\/p>\n<p>(1999) <em>\u201e\u2018William Shakespeares Romeo + Julia\u2018. Postmoderne \u00c4sthetik in Baz Luhrmanns \u201aRomeo und Julia\u2018-Verfilmung als Thema im Deutschunterricht\u201c<\/em>. In: Der Deutschunterricht 4\/99; Teilabdruck auch in: Gerhard Friedl, Unterrichtsmodell Gottfried Keller: Romeo und Julia auf dem Dorfe. Paderborn, Sch\u00f6nigh: 2002.<\/p>\n","protected":false},"excerpt":{"rendered":"<p>Ver\u00f6ffentlichungen in Anthologien: &#8222;Meine betuchte Jugend&#8220; und &#8222;Ein Regenbogen f\u00fcr Pal\u00e4stina!&#8220; in: Lea Streisand, Michael Bittner, Heiko Werning (Hrsg.): &#8222;Sind Antisemitisten anwesend? Satiren, Geschichten und Cartoons gegen Judenhass&#8220; (Satyr: 2024) &#8222;Pop-up-Text&#8220; in: Maik Martschinkowsky, Josefine Berkholz, Dominik Erhard (Hrsg.): &#8222;&#8230; &hellip; <a href=\"https:\/\/neu.volkersurmann.de\/?page_id=230\">Weiterlesen <span class=\"meta-nav\">&rarr;<\/span><\/a><\/p>\n","protected":false},"author":1,"featured_media":0,"parent":30,"menu_order":0,"comment_status":"closed","ping_status":"closed","template":"","meta":{"ngg_post_thumbnail":0},"_links":{"self":[{"href":"https:\/\/neu.volkersurmann.de\/index.php?rest_route=\/wp\/v2\/pages\/230"}],"collection":[{"href":"https:\/\/neu.volkersurmann.de\/index.php?rest_route=\/wp\/v2\/pages"}],"about":[{"href":"https:\/\/neu.volkersurmann.de\/index.php?rest_route=\/wp\/v2\/types\/page"}],"author":[{"embeddable":true,"href":"https:\/\/neu.volkersurmann.de\/index.php?rest_route=\/wp\/v2\/users\/1"}],"replies":[{"embeddable":true,"href":"https:\/\/neu.volkersurmann.de\/index.php?rest_route=%2Fwp%2Fv2%2Fcomments&post=230"}],"version-history":[{"count":31,"href":"https:\/\/neu.volkersurmann.de\/index.php?rest_route=\/wp\/v2\/pages\/230\/revisions"}],"predecessor-version":[{"id":2364,"href":"https:\/\/neu.volkersurmann.de\/index.php?rest_route=\/wp\/v2\/pages\/230\/revisions\/2364"}],"up":[{"embeddable":true,"href":"https:\/\/neu.volkersurmann.de\/index.php?rest_route=\/wp\/v2\/pages\/30"}],"wp:attachment":[{"href":"https:\/\/neu.volkersurmann.de\/index.php?rest_route=%2Fwp%2Fv2%2Fmedia&parent=230"}],"curies":[{"name":"wp","href":"https:\/\/api.w.org\/{rel}","templated":true}]}}